ulate the highest common divisor of 560 and 5824.
112
What is the highest common divisor of 111 and 3?
3
What is the highest common factor of 6715 and 85?
85
Calculate the greatest common factor of 171 and 114.
57
Calculate the highest common divisor of 81 and 1296.
81
What is the greatest common factor of 37 and 38295?
37
Calculate the greatest common factor of 280 and 3248.
56
What is the highest common factor of 156 and 1056?
12
What is the greatest common divisor of 117 and 780?
39
Calculate the greatest common factor of 1054 and 221.
17
What is the highest common divisor of 182 and 28?
14
Calculate the greatest common factor of 111 and 1221.
111
Calculate the greatest common divisor of 161 and 69.
23
Calculate the highest common factor of 3008 and 256.
64
What is the highest common divisor of 93 and 62?
31
Calculate the greatest common divisor of 1 and 2521.
1
What is the highest common factor of 36 and 16032?
12
What is the highest common divisor of 1040 and 400?
80
What is the greatest common factor of 191 and 168653?
191
Calculate the highest common divisor of 31 and 279.
31
What is the highest common factor of 500 and 20?
20
Calculate the greatest common divisor of 4646 and 808.
202
Calculate the greatest common factor of 447 and 3.
3
What is the highest common divisor of 3332 and 204?
68
Calculate the greatest common factor of 32 and 18208.
32
Calculate the highest common factor of 736 and 416.
32
Calculate the highest common divisor of 164 and 5330.
82
What is the highest common divisor of 1273 and 171?
19
Calculate the highest common factor of 8 and 260.
4
Calculate the highest common factor of 1101 and 6.
3
Calculate the greatest common divisor of 65 and 40755.
65
What is the highest common factor of 500 and 64?
4
What is the highest common factor of 360 and 260?
20
Calculate the highest common factor of 75 and 825.
75
Calculate the greatest common divisor of 54 and 366.
6
What is the highest common divisor of 19 and 171?
19
What is the greatest common divisor of 8827 and 194?
97
Calculate the greatest common divisor of 460 and 276.
92
Calculate the greatest common divisor of 4819 and 244.
61
Calculate the highest common divisor of 144 and 16.
16
What is the highest common divisor of 140 and 91?
7
Calculate the greatest common factor of 111 and 1258.
37
Calculate the highest common factor of 132 and 693.
33
What is the greatest common divisor of 372 and 1364?
124
What is the greatest common divisor of 21 and 651?
21
Calculate the greatest common factor of 42 and 7098.
42
Calculate the greatest common divisor of 120 and 90.
30
What is the greatest common factor of 212 and 159?
53
Calculate the greatest common divisor of 92 and 1156.
4
What is the greatest common divisor of 581 and 497?
7
Calculate the highest common divisor of 6208 and 64.
64
What is the highest common divisor of 27 and 243?
27
Calculate the highest common divisor of 1311 and 184.
23
Calculate the highest common divisor of 12 and 244.
4
Calculate the highest common factor of 81 and 21708.
81
What is the greatest common divisor of 1001 and 2145?
143
What is the greatest common divisor of 10 and 2830?
10
What is the highest common factor of 172 and 301?
43
Calculate the greatest common divisor of 279 and 72.
9
Calculate the highest common factor of 93 and 24.
3
What is the greatest common divisor of 474 and 9?
3
What is the greatest common factor of 43 and 731?
43
Calculate the highest common factor of 13 and 1157.
13
What is the greatest common factor of 520 and 143?
13
What is the highest common factor of 13802 and 134?
134
Calculate the highest common factor of 50 and 2150.
50
What is the greatest common factor of 1577 and 83?
83
What is the greatest common divisor of 34 and 748?
34
What is the greatest common divisor of 9 and 27?
9
What is the highest common factor of 831 and 4709?
277
Calculate the greatest common factor of 11 and 6875.
11
Calculate the highest common factor of 310 and 2945.
155
Calculate the highest common divisor of 2526 and 3.
3
What is the highest common factor of 864 and 32?
32
Calculate the greatest common factor of 26 and 12818.
26
Calculate the greatest common factor of 992 and 384.
32
What is the greatest common factor of 24 and 1272?
24
Calculate the highest common factor of 144 and 16.
16
What is the greatest common factor of 1809 and 54?
27
Calculate the greatest common divisor of 3880 and 320.
40
Calculate the highest common factor of 174 and 116.
58
Calculate the greatest common divisor of 39 and 4056.
39
Calculate the greatest common factor of 24920 and 5.
5
Calculate the greatest common divisor of 1472 and 23.
23
Calculate the greatest common divisor of 148 and 14134.
74
Calculate the highest common factor of 134 and 1273.
67
What is the greatest common factor of 767 and 177?
59
What is the greatest common factor of 410 and 90?
10
What is the greatest common divisor of 342 and 18?
18
What is the greatest common factor of 3922 and 424?
106
What is the highest common divisor of 33 and 21?
3
What is the highest common divisor of 6 and 1974?
6
Calculate the highest common factor of 348 and 1068.
12
Calculate the highest common divisor of 87 and 609.
87
What is the highest common factor of 3051 and 135?
27
Calculate the greatest common divisor of 945 and 195.
15
What is the greatest common factor of 111 and 74?
37
What is the highest common divisor of 169 and 65?
13
What is the highest common divisor of 268 and 4?
4
What is the highest common divisor of 26 and 4667?
13
Calculate the highest common factor of 2040 and 1240.
40
What is the highest common divisor of 1393 and 21?
7
Calculate the greatest common divisor of 32 and 316.
4
Calculate the greatest common divisor of 1078 and 245.
49
What is the highest common divisor of 752 and 8366?
94
Calculate the greatest common divisor of 660 and 105.
15
What is the highest common divisor of 70 and 154?
14
Calculate the highest common factor of 860 and 8084.
172
What is the highest common factor of 250 and 1625?
125
What is the greatest common divisor of 25 and 185?
5
What is the greatest common divisor of 47 and 42817?
47
Calculate the greatest common factor of 126 and 1818.
18
Calculate the greatest common divisor of 5 and 355.
5
What is the highest common factor of 35760 and 12?
12
What is the highest common factor of 133 and 7?
7
Calculate the greatest common factor of 3 and 2532.
3
What is the greatest common factor of 1431 and 371?
53
What is the greatest common divisor of 10117 and 134?
67
What is the highest common factor of 60 and 420?
60
What is the highest common factor of 702 and 13?
13
Calculate the highest common factor of 195 and 2769.
39
Calculate the highest common divisor of 175 and 43225.
175
Calculate the highest common factor of 12448 and 64.
32
What is the highest common factor of 24 and 552?
24
What is the greatest common divisor of 1900 and 418?
38
What is the highest common factor of 12 and 36?
12
What is the highest common factor of 1348 and 2?
2
Calculate the highest common factor of 5141 and 97.
97
What is the highest common divisor of 5 and 965?
5
Calculate the greatest common divisor of 11 and 38159.
11
Calculate the greatest common factor of 58 and 1102.
58
What is the highest common factor of 184 and 138?
46
Calculate the greatest common factor of 1771 and 5474.
161
Calculate the highest common divisor of 579 and 19493.
193
What is the highest common divisor of 595 and 476?
119
Calculate the highest common factor of 1635 and 585.
15
What is the greatest common factor of 402 and 90?
6
Calculate the highest common factor of 11120 and 10.
10
Calculate the greatest common divisor of 1066 and 13.
13
What is the highest common factor of 92 and 897?
23
What is the highest common divisor of 147 and 245?
49
Calculate the highest common factor of 162 and 702.
54
What is the highest common divisor of 50864 and 17?
17
What is the highest common factor of 106 and 6254?
106
What is the highest common divisor of 12 and 5046?
6
What is the greatest common divisor of 257 and 43433?
257
What is the greatest common divisor of 3285 and 135?
45
Calculate the highest common divisor of 2418 and 78.
78
Calculate the greatest common divisor of 392 and 119.
7
What is the highest c